be the second derivative of b**5/20 - b**3/3 - b**2/2 + 9*b. Let i = -5 - -6. Let t = 3 - i. Give m(t).
3
Let m(h) be the second derivative of -h**5/20 - 5*h**4/12 + 5*h**2/2 + 502*h. Determine m(-5).
5
Suppose -5*i - 4*h + 40 = -5*h, -4*i + h + 33 = 0. Let d(f) = f - 228 + 111 + 107. What is d(i)?
-3
Let x = 12 + -4. Suppose -d + 2*d + 3*s = x, 2*d - 3*s = 7. Let q(f) = -3*f + 25. Let y(k) = k - 8. Let j(h) = -3*q(h) - 8*y(h). Give j(d).
-6
Let t(w) be the third derivative of -w**5/20 - w**4/8 - 5*w**3/6 + w**2 + 127. Give t(-4).
-41
Let p(v) = 2*v - 3. Suppose 0 = -3*g + 5 + 73. Let q = g - 4. Let t = q + -17. What is p(t)?
7
Let r be (5/10)/(1/10). Suppose -r*j + 6 = 1. Let y(l) = 3*l**2 - 1. Give y(j).
2
Let a(k) = -2*k**2 - 15*k - 25. Let f be a(-4). Let z(v) = -v**3 + 4*v**2 - v**2 + 0*v**2. Give z(f).
0
Let t be (79/237)/((-75)/(-72) + -1). Let l(i) = 2*i - 2. Give l(t).
14
Let l(u) = 11*u + 31. Let c(y) = -2*y. Let k(m) = 6*c(m) + l(m). Give k(15).
16
Let t(n) = 2*n**2 - 11*n - 4. Suppose -y - 2 = 3*a - 4, -2*a = 5*y - 36. Give t(y).
36
Let x(f) = -f. Suppose -5*i = -6*i. Suppose 0 = -3*w - i*b - 2*b + 18, 4*w - 2*b - 10 = 0. Determine x(w).
-4
Let k(l) = 0*l**3 + 12 + 3*l**3 + 2*l - 49*l**2 + 40*l**2 - 2*l**3. Calculate k(9).
30
Let q(c) = 3*c + 0 - 2*c + 2 - 4. Determine q(-3).
-5
Let z be -8*(-4)/48*(-6)/4. Let q(c) = -27*c**3 - c**2 + c + 1. What is q(z)?
26
Let m(g) = -g + 2. Let b(k) = -2*k**2 + 2*k. Let i be (-1 - 8*1)*(-60)/270. Let u be b(i). Give m(u).
6
Suppose b + 8*b - 54 = 0. Let k be 5*((-4)/30)/((-4)/b). Let s(l) = l. Calculate s(k).
1
Suppose 4*m - 467 + 455 = 0. Let c(l) be the third derivative of -1/24*l**4 + 0 + 0*l**m - 1/120*l**6 - 1/15*l**5 - 6*l**2 + 0*l. What is c(-4)?
4
Let k(i) = -i**3 + 8*i**2 + 9*i - 9. Let d be k(9). Let l(h) = -5*h + 32*h**2 - 58*h**2 + 6*h + 35*h**2 + 4 + h**3. Give l(d).
-5
Let i(t) be the first derivative of -t**4/4 + 10*t**3/3 - 7*t**2/2 + 82. Determine i(9).
18
Let x(w) be the second derivative of -w**5/20 + 7*w**4/12 - 3*w**3/2 + 2*w**2 + 842*w. Determine x(6).
-14
Let g(c) = -c**3 - c - 2. Let w(d) = -57 + 57 + 18*d - d**2. Let l be w(18). Determine g(l).
-2
Let o(t) = -t**2 + 5*t - 4. Let x(s) = 9 - 13*s - 5 + 2*s**2 - s**2 + 0. Let c be x(13). Determine o(c).
0
Suppose 3*r + t - 10 - 2 = 0, 4*r - 16 = -4*t. Suppose 0*a - r = a. Let i(h) be the first derivative of h**3/3 + 3*h**2 + 2*h - 3. Calculate i(a).
-6
Let i(y) be the first derivative of y**6/120 - y**5/60 - y**4/24 + 7*y**3/6 + 4*y**2 - 9. Let t(q) be the second derivative of i(q). Give t(0).
7
Let a(m) = 6*m**2 - 4*m + 2. Suppose -13*h - 14 = -20*h. Give a(h).
18
Suppose -28*s - 42*s + 1470 = 0. Let r(h) = -h**2 + 21*h + 5. Give r(s).
5
Let r = -16 + 12. Let n be 3/((-5)/((-10)/3)). Let f(a) = -3*a - a**2 - 2 + 2*a**2 - 3*a**n + a**2. Determine f(r).
-6
Suppose -10 = 4*q + q. Let b(z) = -2*z**2 - 46 - 62 + 9*z**3 - 6*z**3 - 2*z**3 + 110 - z. What is b(q)?
-12
Suppose 4*r = 3*j + 1, 5*j - 9*j = -4. Let x(c) = -7*c**3 - c**2 + 1. Give x(r).
-7
Suppose -3*l + 103 + 26 = 4*j, 0 = 2*j + 4*l - 62. Let g = -4 + j. Let h(q) = -16*q + g*q - 3 - 14*q. Give h(3).
-6
Let x(h) be the first derivative of -3*h**2 - 13*h - 146. Determine x(-4).
11
Suppose -b + z = 2, -7 = -b + 5*b - 5*z. Let w(f) = 11*f + 2. What is w(b)?
-31
Let f(q) = 4*q + 4. Let t be (24/(-9) + 2)*(-14 - -2). What is f(t)?
36
Let p(h) = -h + 4. Let x(b) = -b**3 + 9*b**2 - 6*b - 1. Let t be x(8). Suppose 3*y - 21 = 3*z + t, -4*y - 2*z = -18. Determine p(y).
-3
Let d be 2/3*12/(-2). Let z(t) be the second derivative of -1/2*t**3 + 0 - 15*t + 5/2*t**2. Calculate z(d).
17
Let k(z) = -9*z + 4*z - 9*z**2 + 1 - 2 + z + 2*z. What is k(-2)?
-33
Let s(t) = t**3 + t**2 - t + 1. Let x(q) = -q**3 - 6*q**2 - 4. Let g(f) = 2*s(f) + x(f). Let r be (15/72)/((-1)/(-4))*(4 + 2). Give g(r).
13
Let m be (-10)/(-75)*-3*(-15)/3. Let o(x) = 21 + m*x + 24 - 49 - 3*x. Give o(4).
-8
Let n(r) = 3*r + 5. Suppose -4*v - 104 = -4*y, 5*y - 4*y - 53 = 2*v. Suppose 4*j - 23 - 65 = 0. Let c = j + v. Calculate n(c).
-10
Let i(t) = -3*t**2 - t - 7. Let c(b) = -3*b**2 - 7. Let u(v) = 2*c(v) - 3*i(v). Let l(m) = 13*m**2 + 13*m + 28. Let k(d) = -2*l(d) + 9*u(d). What is k(0)?
7
Let r(k) be the first derivative of -k**3/3 + 4*k**2 - 12. Suppose -5*p + 6 = -4*f + 34, -7 = -f + 2*p. Calculate r(f).
7
Let f(z) = -5*z**2 + 1. Let a be f(1). Let d(p) = -29 + 6*p + p**2 - 67 + 129 - 31. Determine d(a).
-6
Suppose -b = -101 - 38. Suppose -4*j = -23 + b. Let y = j - -30. Let x(n) = 4*n. What is x(y)?
4
Let p(f) = 2*f + 3*f**2 - 2*f**2 + 0 - 3. Let b(d) = d**3 + 8*d**2 - 10*d - 13. Let x be b(-9). What is p(x)?
5
Let i(r) be the second derivative of r**4/12 + 11*r**2 - 2*r + 146. Calculate i(0).
22
Let v(y) be the second derivative of -y**5/20 - 7*y**4/12 + 4*y**3/3 + 3*y**2/2 - 494*y. Calculate v(-8).
3
Let j(q) = -q**2 - 7*q - 6. Let f = -17 - -20. Let x be (96/(-72))/(1/f). Calculate j(x).
6
Suppose -4*s - 75 = -3. Let z(x) = -2*x - 2. Let q be z(6). Let h = q - s. Let r(c) = c**2 - 4*c + 6. Give r(h).
6
Let v(x) = 4*x - 1. Suppose 0 = 11*f - 7*f + 68. Let r = 16 + f. Calculate v(r).
-5
Let b(u) = 2*u**2 + u - 1. Let h be b(1). Let z(s) = -10*s + 7*s + 2*s. Let q(f) = 15*f. Let i(n) = q(n) + 5*z(n). Determine i(h).
20
Let g(c) = -c - 3. Let i be 2/((45/(-70))/(-9)). Let b = i - 34. What is g(b)?
3
Let w(n) be the third derivative of -8*n + 0*n**3 - 1/60*n**5 + 0 - 1/24*n**4 - n**2. Give w(-2).
-2
Suppose 18 = 2*r - 4*d, 5*r - 5 = -d - 4. Let v(o) = -3*o**3 - o**2 - o + 2. What is v(r)?
-3
Suppose 148 + 216 = 20*m - 72*m. Let g(z) = -z**3 + 2*z + 8. Let l(q) = 2*q**3 + q**2 - 5*q - 15. Let h(f) = 11*g(f) + 6*l(f). Give h(m).
5
Let f(b) = b**3 - 3*b**2 - 1. Let k be f(3). Let z(l) = -25*l**2 - 10*l. Let y(h) = -79*h**2 + 62*h**2 + 4 - 4 - 7*h. Let w(u) = -7*y(u) + 5*z(u). What is w(k)?
-5
Suppose 10*v - 2 = 3*q + 6*v, -9 = 3*q + 3*v. Let l(f) = f**3 - f**2 + 2*f**2 + 3*f**2. Give l(q).
8
Let d(v) be the second derivative of -1/2*v**3 + 1/2*v**2 + 4*v + 0. Let p be (-1)/6*4*-6. Give d(p).
-11
Let f(k) be the third derivative of k**4/12 + 5*k**3/6 - k**2. Let s(a) = 83*a + 242. Let u be s(-3). Calculate f(u).
-9
Let d be (-1)/(-6)*6 + (1 - 0). Suppose -7*c + 2*c = 5*k + 25, -3*k - 8 = d*c. Let s(u) be the first derivative of u**2/2 - u - 1. Give s(c).
-8
Let j = -67 + 72. Suppose j*r - 43 = 12. Let b(n) = -n**2 + 12*n - 14. Calculate b(r).
-3
Suppose 3*j - 4*c + 12 + 0 = 0, 0 = -j + 2*c - 6. Let r(w) be the third derivative of j*w**4 - 4*w**2 + 0*w - 1/120*w**6 + 0*w**5 + 0 + 7/6*w**3. What is r(0)?
7
Let m = 0 - -11. Let v(q) = -2*q + 6*q - 5 + m. Give v(-4).
-10
Let k(x) = 7*x + 0*x - 12*x - 9 + 28. Give k(4).
-1
Let z(o) = -7*o**2 + 7*o - 5. Let r(h) = 6*h**2 - 8*h + 6. Let w(b) = -6*r(b) - 5*z(b). Determine w(12).
1
Let g be -5*(2 - 1) + 2. Let f(u) be the first derivative of -3/2*u**2 - u**3 - 1/4*u**4 + 2 - 3*u. Determine f(g).
6
Let d(i) be the first derivative of i**3/3 + 4*i**2 - 12*i - 25. Let s be d(-9). Let r(m) = m**3 + 2*m**2 - 4*m + 1. Determine r(s).
4
Let i(v) = 13*v - 13*v**2 + 3*v**2 - 47 - 21 - v**3 + 94. Determine i(-11).
4
Let t(l) = -l**2 + 5*l - 5. Let i = 24 - 22. Let n(y) = 3*y**2 - y - 4. Let h be n(i). Suppose 5*p - h = 4*p. What is t(p)?
-11
Let k(p) = 12*p**2 - 13*p - 13. Let m(d) = -7*d**2 + 7*d + 7. Let x(u) = 3*k(u) + 5*m(u). Suppose 4*h = -15 + 27. Give x(h).
-7
Let m(y) = -11*y**2 + 18*y - 57. Let n(g) = 3*g**2 + 2*g - 1. Let r(p) = m(p) + 4*n(p). What is r(-28)?
-5
Let a(i) = -29*i - 10. Let j(d) = -67*d - 21. Let x(k) = -7*a(k) + 3*j(k). Let t(l) = -l**3 - 3*l**2 + 6*l + 3. Let n be t(-4). Calculate x(n).
-3
Let g(m) = -2*m**2 - 11*m + 10. Let c be g(-6). Let j(s) = -s - 1. Determine j(c).
-5
Let v be 72/28*(-56)/12 - -3. Let t(c) = c**2 + 5*c - 7. What is t(v)?
29
Let g = 19 - 30. Let y(u) = 2*u + 18. Determine y(g).
-4
Let n(z) = -z**3 - z**2 - 2*z - 2. Let t be n(-2). Let c(k) be the second derivative of -k**5/20 + 7*k**4/12 - k**3 - 3*k**2/2 - 37*k. What is c(t)?
-3
Let g be 2/(-4)*3*-2. Let y(f) = 1 + 4*f**3 + 2*f**3 + 3*f**g. Let w be -2*((-253)/(-22))/23. Determine y(w).
-8
Let d(m) = -m**3 - m**2 - m. Let q(t) = -5*t**3 - 13*t**2 - 6*t - 12. Let a(j) = -4*d(j) + q(j).